8))?
66
What is (236 - 136) + -66 + 14?
48
Calculate -4836 - -4942 - (-3 - -67).
42
What is 15 + (-7 + 5 + -20 - -37) - 18?
12
Calculate (-15 - (-8 - 6)) + (-7 - 0) - (15 - -16).
-39
What is (-30 + 2 - (-182 - -190)) + -14?
-50
Calculate -13 + -6 + 25 + -398 + 321.
-71
Calculate (122 - 3) + (-36 - -45) + (-28 - (-1 - 9)).
110
21 + (-97 - (-18 + -17 + 35))
-76
What is the value of -24 - (-7 - (-17 - -22)) - -26?
14
Calculate 37 - 13 - 72 - (-18 - -26).
-56
What is the value of (462 - 223) + -143 + 14?
110
What is the value of (-5 - 74) + (39 - 12)?
-52
Evaluate 0 + -96 + 85 + (-1 - 3).
-15
What is the value of 7 + (3 - (-82 + 44))?
48
What is 11 + -23 + 11 - (4 + -7)?
2
1 + (-9 - -10) + (-22 - -6) + 15
1
Calculate -57 + (-12 - -17) + 8 - -19.
-25
Calculate -39 + 118 + (-227 - -97).
-51
24 + -24 + (-26 + 8 + -9 + 5 - 12)
-34
What is -26 + 0 - (0 + 16 + -33 + 4)?
-13
Calculate 23 + 4 + -11 + -12 + 2 + -8.
-2
-6 + 17 + -29 + 9 - -54
45
What is the value of 3 + 25 + -43 + -14 + -49?
-78
56 + 84 + 87 - 115
112
Calculate -6 - (2 - 4) - (-51 - 214 - -222).
39
-4756 + 4771 + (-2 + 49 - -2)
64
What is -2 + 55 + (-1 - (9 - (17 - 3)))?
57
What is -1000 + 1044 + (-5 + 5 - -40)?
84
What is -2 - (43 + -80 + 31)?
4
Calculate (74 - 69 - 23) + (3 - (1 - 45)).
29
4 - ((-12 - 3) + (25 - 41))
35
Evaluate 26 + (29 - (1 + -11)) + 37.
102
Calculate (-138 - (161 - 295)) + 2 + -1 + -2 + 0.
-5
2 + (-2 - -8 - (11 - 15) - 42)
-30
What is (11 - 10 - (2 - (-14 + 5))) + (14 - 8)?
-4
Evaluate -6 - (-87 - (-10 + (-16 - -3))) - (9 + -2).
51
-91 - (78 + -70) - (-9 - 15)
-75
(-1 + -7 + -1 + 8 - (-5 - -9)) + 40
35
What is 37 + (53 - 38) + -90?
-38
Calculate 0 - (-1 - 0) - 10 - (4944 - 4946).
-7
Calculate -2045 - -2127 - (-2 + 138).
-54
What is the value of (-62 - (-31 - 13)) + (-2 - -21)?
1
Calculate -4 - (9 - (-2 - -1 - -5) - (-10 + 77)).
58
Evaluate (1 - (-25 - -1)) + (5358 - 5368).
15
-37 - -33 - (9 - 0) - (-85 + -8 + 2)
78
-68 + (-28 - -53) + -7
-50
(3 - 34 - -26) + -18
-23
Calculate -24 + -68 + (-11 - (-46 + 4)).
-61
(-50 - (-1 - 0)) + 10 + (-28 - -28) + -6
-45
Calculate 31 - ((63 - 122) + 149).
-59
Evaluate (0 - (8 + -1 - -30)) + (12 - (-1 + 14)).
-38
What is the value of 26 + (8 + 26 - 183) + 10?
-113
What is 23 + -3 - (-41 + 4 + 40) - 31?
-14
What is 47 + -7 + 50 + -41?
49
Calculate -9 + (15 - (-13 + 25 + 25)).
-31
Evaluate 3 + -61 - (69 + -97 + (20 - 0)).
-50
What is (4 + -2 - (1 - -10)) + (42 - 35 - -52)?
50
What is -1 - (-5 + -41 + -4) - -8 - (46 - 47)?
58
1 + -6 - (-41 - (-9 - 25))
2
Evaluate -76 - (40 + -68) - -99.
51
What is the value of 15 + 87 + -46 + -165 - (1 - 5)?
-105
Evaluate 1 - 60 - (8 - (-10 + 22) - -10).
-65
What is the value of -9 + 6 + (23 + -24 - (0 + 12))?
-16
Calculate (13 - (19 + -13)) + 7 + -41 + 13.
-14
What is the value of 1 + -46 - (668 - 704) - (3 - 5 - -34)?
-41
What is the value of 1 + -9 + (2266 - 2163) - 43?
52
Calculate (17 - 70) + 192 + -189 + (-8 - -1) + 16.
-41
What is (-8 - ((-10 + 3 - 1 - -5) + -34)) + 11?
40
What is 5 - (17 - (-12 + 47 + -15))?
8
Calculate 3 + (2 - (9 + -14) - (23 + 8)).
-21
What is 18 + (-10 + 6 - 36) + 27?
5
-1 - (1 + 12 + -4 + -44 + 1)
33
Evaluate (32 - 25 - 5) + (0 - -7) + -52.
-43
What is the value of (-9 + -50 - (2 - -20)) + 22?
-59
What is the value of 17 - 0 - (-87 + 71 - 4)?
37
Calculate -3 - ((52 - 6) + -4 + -27 + (2 - 0)).
-20
What is the value of -41 + (-220 - -208 - (0 - 13))?
-40
1 + 1 + 6 + -205 + 116 + 58
-23
What is the value of 16 - (9 + -40 + -25 + 29)?
43
What is the value of 3 - 0 - -9 - (12 + 27 + -11 + 33)?
-49
Evaluate -5655 - -5765 - (38 + 1).
71
What is the value of (-3 + 0 - -2) + (-46 - -74)?
27
Evaluate 32 - (17 - -7) - (-3 + -1 + (3 - 1)).
10
Calculate 68 - (1 - (55 + -75)).
47
-44 - (5 + -93) - 136 - 0
-92
What is 1 + (0 - -6) + (252 - 252) - 11?
-4
Calculate (-71 - -6) + 13 - (-20 + (22 - -2)).
-56
What is the value of -8 + (-11 + -22 + 15 - -61) + (1 - -2)?
38
What is -419 + 410 - (43 - -2)?
-54
Evaluate 28 + -11 + 74 + (-5 - 3) + (0 - 3).
80
38 - (143 - (102 + -24))
-27
Calculate 7 + (-2 - -3) + (10 - 3 - 8 - -7).
14
Calculate -11 + -5 - (20 + 18 + -16 - 24).
-14
What is the value of 6 + (-36 + 60 - 47 - 40)?
-57
What is ((46 + 17 - -1) + 17 - 10) + -1?
70
30 - (-1 - 0) - (184 + -198)
45
What is the value of 6 + (34 + -9 - 17) - 39?
-25
(-28 - -9 - -16 - 65) + -6 + -14
-88
What is (1 + 0 - -18 - (-25 + 40)) + (126 - 3)?
127
Calculate 9 - (-389 - -401 - (27 - (0 + 2))).
22
Evaluate (-13 + 2 - 6) + 41 - -6.
30
(10 - (-10 - 3 - -9 - -13) - -15) + 121
137
54 + (-5 - -15) - ((-3 - -3 - -8) + -5)
61
What is (21 + -10 - 5) + 51 - (-2 - -14)?
45
What is the value of -2 + 4 + -3 + (-9 - 13) + 28 + 15?
20
Calculate -8 - ((7 - -1) + ((9 - -1) + 5 - 13)).
-18
-15 - (-1 - 3) - (-2 + (12 - (-19 + 34)))
-6
Evaluate (0 - -28 - 32) + (3 - 1) + -5.
-7
What is the value of 74 + -85 + (-10 - 20 - 8)?
-49
Evaluate -25 - -33 - -102 - 27 - 49.
34
What is 6 - (1 - (22 + -9) - -8)?
10
What is the value of 8 - (20 - 34 - -27) - -13?
8
(10 - (-1 - -22 - (19 + -18))) + -22
-32
Calculate (-602 - -580) + 3 + -6.
-25
What is the value of (-48 - -32) + 72 + -52?
4
Calculate 260 - (-4 - (-48 - 102)).
114
-441 + 462 - (9 + -7 - -7 - 0)
12
1 + -7 - (24 - (184 - (25 + -10) - 14))
125
Calculate 1 - 37 - -15 - (5 - 7 - 5 - -2).
-16
What is -4 - (-102 - 4) - ((41 - 22) + -30 + 22)?
91
Calculate -56 + (-11 + (-1 - 1) - (2107 + -2120)).
-56
Calculate (-27 - (35 + (46 - 126))) + (47 - 1).
64
Calculate 82 - (34 + (-33 - (-17 + -2))).
62
Calculate (62 - (1 + 52)) + -18 - ((-23 - 0) + 1).
13
What is the value of -5 + (206 - 35 - (0 + 14)) + -24?
128
What is 4 + (-3 - ((-8 - -5) + 0)) - (1 + -42)?
45
Calculate 64 + (-21 - -8) - (-6 + 21 - 1).
37
What is 3 + -59 + 39 + (0 - 2)?
-19
What is -14 + 268 - (703 + -580)?
131
(16 - (15 - 14)) + -4 + 14 + -8
17
Evaluate 52 + -12 - -7 - 13.
34
Calculate -6 + -18 - (3 + -107 + 33).
47
Evaluate 11 + (6 - ((45 - 52) + 44 + 0 + 3)).
-23
Evaluate -77 + 2 + -7 + (17 - (-6 - -5)) + 11.
-53
What is the value of -1 + (59 - 154 - (5 + 0 + -15 + -1))?
-85
What is -34 + (190 - (15 - -13)) - 22?
106
Evaluate -3 - 134 - -65 - -20.
-52
Calculate 1 + (5 - 127) + 24 + -35 + -2 + 6.
-128
What is 83 - (21 + (-91 - -36) + 65)?
52
Calculate 55 + (-357 + 380 - (0 + 26)).
52
What is -81 - (111 - (133 - -114))?
55
(159 - 167) + -30 - (-2 + -141)
105
(1 - 5) + 6 + -4 + 2510 + -2510
-2
Calculate -19 - 50 - (-5 + (41 - 64)).
-41
Calculate -98 + (-78 + 126 - -92).
42
-2 + -25 + (22 - (-28 + -16 + 81))
-42
Evaluate -1 - -3 - (5 - (-20 + 20 - -35)).
32
What is 44 - 20 - (9 + (-13 - -18))?
10
What is 50 + (-64 - 8 - -54)?
32
What is the value of 0 + 3 + (32 - (25 - -2))?
8
What is the value of (-36 - (8 + -77)) + -35?
-2
Calculate (-1 - -8) + (80 + 5 - (18 - 4) - 6).
72
Calculate -21 - (-4 + 23 + -22 - 31).
13
What is -10 + (-1 - -4) - (-111 - -13 - -27)?
64
What is the value of 64 - (43 - 24) - 54?
-9
Evaluate -865 + 860 + (1 - (0 - 0)) + 3 - -5.
4
What is the value of 6 + 0 + -93 + -8 + (29 - 7)?
-73
Evaluate 13 - 64 - (1 + (1 - -1) - (-376 + 383)).
-47
Evaluate 67 + (-12 + 25 - (8 + 3)) + -1.
68
-38 - (51 - -24) - -127
14
Calculate 142 + (-40 - -14) + 5 - 23.
98
Calculate -4 + 1 + -95 + (-482 - -520) + -50 + 0.
-110
Calculate -34 + 2 - 1 - -111.
78
What is the value of 4 - (-40 - (-29 - 4) - (20 - 1))?
30
Calculate 86 + -1 + (-43 - (-16 - (41 + -34))).
65
What is the value of -10 - (-8 + 1 - (-11 - (-28 + 33)))?
-19
What is -118 + (33 - -101) - (-7 + (2 + -5 - -2))?
24
Evaluate (-180 - -136) + (23 - (-15 - -17)).
-23
Calculate 50 + (3 - 5) + -43.
5
Calculate 43 - (-13 + 60) - (-17 + 1).
12
What is the value of (-3 - (2 - -1)) + 98 + 278 + -266?
104
Evaluate (2087 - 2163) + -3 + 12.
-67
What is the value of (-49 - -14) + (-68 - -140)?
37
Calculate (0 - (2 + (59 - 1))) + 26347 + -26354.
-67
What is the value of (19 - (29 + -12 + 9)) + (2 - 70)?
-75
What is 117 + -129 + (0 - 2 - (4 + -70))?
52
What is (1 - -1 - -114) + 2 + -458 + (129 - -325)?
114
16 + -6 + 40 + (-10 - 4 - -7)
43
-5 + -2 - (-2 - (-156 + 168 - (5 + 0)))
2
Calculate -57 + (20 - -19) + -30.
-48
What is the value of 72 + -5 + (1 + 8 - (-13 + -18 + 46))?
61
Calculate (183 - 131) + (-81 - 1).
-30
What is 24 + (-33 + 14 + 10 - -27)?
42
Evaluate 47 + -1 + 